u = 535 - -3433. What are the prime factors of u?
2, 31
Suppose -500 = -2*f - 10. Suppose 2*n - f = -5*c + 2176, -2*c - 2428 = -2*n. What are the prime factors of n?
1213
Let c = 141 + -157. What are the prime factors of (-6)/c + -1 + (-4650)/(-16)?
2, 5, 29
Let t = 44087 - 84032. List the prime factors of t/(-195) - (-4)/26.
5, 41
Suppose -4*j + 3*o - 13170 = 0, 5*j + 2*o + 13180 = j. List the prime factors of j/2*(-4 - 20/(-6)).
2, 3, 61
Let f(t) = t + 4. Let l(s) = 21*s + 12. Let p(w) = 5*f(w) - l(w). What are the prime factors of p(-1)?
2, 3
Let r(x) = 2*x**2 + 8*x. Let o be r(-5). List the prime factors of (o/45 - (-4784)/18)*1.
2, 7, 19
Let t be ((-3)/(-12))/(27/94068). Suppose 11*c + 5*y = 10*c + t, 3*c = -y + 2627. What are the prime factors of c?
2, 3, 73
Let l(r) = 140*r + 132. Let y(u) = -281*u - 262. Let w(i) = -9*l(i) - 4*y(i). What are the prime factors of w(-3)?
2, 67
List the prime factors of -11 + ((-210)/3)/(-5) + 58442.
5, 11689
What are the prime factors of 13896 - (48/(-336) + 54/(-14))?
2, 5, 139
Suppose -44*z + 49*z - 825 = 0. Suppose -174*y + 9189 = -z*y. List the prime factors of y.
1021
Suppose 7*y + 3638 - 50146 = 0. What are the prime factors of y?
2, 11, 151
Let x be ((-6)/(-4))/(3*(-2)/16). Let b be -61*(x + -2 + 1). Suppose 2*c - b = -3*c. What are the prime factors of c?
61
Let t(v) = 23*v**2 + 9*v + 26. Suppose s = -i + 1, -22 = -4*s + 2*i + 6. List the prime factors of t(s).
2, 17, 19
Suppose 2*d - 16975 - 30979 = 0. List the prime factors of d.
23977
What are the prime factors of -9 - -2 - (0 - 2740)?
3, 911
Let b be 23/5 + -4 + (-314)/(-10). Suppose -13*i + b*i - 7144 = 0. List the prime factors of i.
2, 47
Suppose 0 = 21*f + 50600 - 191972. What are the prime factors of f?
2, 3, 11, 17
Let a = 57610 + -37728. List the prime factors of a.
2, 9941
Suppose n + 5 = 0, -4*m + 5*n - 791 = -6*m. What are the prime factors of (m - -2) + (-2)/(-1)?
2, 103
Let q be ((-12)/(-21))/(6/(-21)). Let p be (q + 4)*(50 - 1). Suppose -p + 34 = -s. List the prime factors of s.
2
Suppose 14938 + 37152 = 10*b. List the prime factors of b.
5209
Suppose -4*r + 683373 - 150345 = 39*r. List the prime factors of r.
2, 3, 1033
Let z = 152 + -134. Suppose 4*n - 97 = -9. Let p = n - z. What are the prime factors of p?
2
Suppose 28010 = 10*a - 16390. What are the prime factors of a?
2, 3, 5, 37
Let y = -136 - -137. Let q(o) = 320*o**3 - 2*o**2 - o + 1. List the prime factors of q(y).
2, 3, 53
Suppose 271*p - 268*p + 3*s = 143034, 3*p - 143020 = -s. What are the prime factors of p?
13, 19, 193
Let l be 2 + (-15)/7 - 1/(-7). Let u be (-2)/(-6)*(-1 + 7 - l). Suppose 0 = 5*j + u*h - 438, 0 = j - 5*j + 4*h + 356. What are the prime factors of j?
2, 11
Let n(i) = 2*i**2 - 13*i - 14. Let u be n(0). List the prime factors of u + 544/40 - (-194)/10.
19
Let r(m) = -m**3 + 4*m**2 + 11*m - 66. List the prime factors of r(-22).
2, 3, 11, 31
Let r(p) = -2*p**2 + 29*p - 19. Let c be r(14). Let q(z) = 9*z**2 - 11*z - 10. List the prime factors of q(c).
2, 3, 5
Suppose 156 = -2*w - 4*m, 4*w - 2*m = 2*m - 312. Let a = 459 - 284. Let y = a + w. What are the prime factors of y?
97
Let g(p) = -255*p - 2672. List the prime factors of g(-33).
5743
Suppose -3*z = 2*d - 76306, 38139 = 140*d - 139*d - 2*z. List the prime factors of d.
37, 1031
Let j(d) = -44*d - 42. Let h be j(-1). Suppose 1844 = 2*i + h*r - 512, 0 = -4*i + 3*r + 4726. List the prime factors of i.
2, 5, 59
Suppose 36*r = -619018 + 1781386. List the prime factors of r.
2, 1009
Let j(x) = 96*x**2 - 71*x - 586. List the prime factors of j(-18).
2, 7949
List the prime factors of (0 - 148/(-1 - 0))*360003/948.
7, 31, 37
Let w = 2514 - 1775. Suppose 2*g + 546 = 3*v, -4*v - g + w = -0*v. List the prime factors of v.
2, 23
Suppose -229 = 15*i - 34. Let k be i*4*(-100)/8. List the prime factors of 21/28 + k/8 - 0.
2, 41
Suppose 15*n + 405 - 255 = 0. List the prime factors of (n/6)/(-1 + (-54278)/(-54348)).
2, 647
List the prime factors of (-884)/1105 - (-480348)/10.
2, 7, 47, 73
Let d = 40846 + -13732. List the prime factors of d.
2, 3, 4519
Let c(x) = x**3 + 36*x**2 - 7*x - 34. Let h be c(-36). What are the prime factors of (0 + h/5)*215/86?
109
Let k be 6/8 + 37/4. What are the prime factors of ((-3)/(-30)*k)/((-2)/(-188))?
2, 47
Let a(c) be the third derivative of -c**4/24 - 2*c**3 + 43*c**2. Let f be a(-14). Suppose t + 6*k - 78 = 5*k, -2*t + 136 = -f*k. List the prime factors of t.
73
Suppose -187 = -6*z + 935. Let f = -70 + z. Let j = 45 + f. What are the prime factors of j?
2, 3
Suppose 8*d + t + 31832 = 12*d, 2*t - 39777 = -5*d. List the prime factors of d.
73, 109
Suppose 1081878 = -40*z + 82*z. List the prime factors of z.
25759
Let o = -1309 + 1311. Suppose 2*d + 4*k - 126 = 0, 5*d - 351 = -0*k + 2*k. Suppose o*u + 4*j - d = 41, 3*j + 120 = 3*u. What are the prime factors of u?
3, 5
Let p = 48 + 44. Let m = p + 26. List the prime factors of m.
2, 59
Let s(b) = 119*b + 3. Let y be s(3). Suppose -4*d = -4*c - 2*d + 740, -2*c - 4*d = -y. Suppose g + 4 = 3, -c = -2*f + 4*g. List the prime factors of f.
2, 3, 5
Suppose 3*q - 5152 - 5093 = 0. List the prime factors of q.
5, 683
Let j = 14403 + -1013. List the prime factors of j.
2, 5, 13, 103
Let i be ((-7)/2)/(3/(-606)). Suppose 2*v - i = 465. List the prime factors of v.
2, 293
Let s(x) = -674*x**3 + 23*x**2 + 27*x + 6. What are the prime factors of s(-4)?
2, 21701
Suppose 195 = 6*h + 4683. Let l = h + 1556. List the prime factors of l.
2, 101
Suppose -5*s + 191608 = -3*r, -254*r + 249*r - 114952 = -3*s. What are the prime factors of s?
2, 11, 13, 67
Let m(a) be the second derivative of a**4/4 - 13*a**3/6 + 2*a**2 + 2*a - 3. What are the prime factors of m(11)?
2, 7
What are the prime factors of (-45)/(-6)*(-37)/222 - 315754/(-8)?
2, 3, 11, 13, 23
Suppose 70*o - 71*o + g + 12074 = 0, -4*g - 24146 = -2*o. List the prime factors of o.
3, 5, 7, 23
Let m(j) = -2*j + 19. Let t be m(8). Suppose -b + 16 = t*b + a, -4*b = 4*a - 4. Suppose b*y - 8 - 2 = 0. What are the prime factors of y?
2
Let b be 8 + -5 - ((-5 - -6) + 0). Suppose j = b*n - 4*n + 2663, 0 = -3*n - 2*j + 3996. What are the prime factors of n?
2, 5, 7, 19
Let d = 353 + -202. Suppose 4*z = 16, -2*y = 3*y + 4*z - d. List the prime factors of y.
3
Let q(l) = l**3 - 14*l**2 - 3*l - 4. Let t(k) = k**2 - 16*k + 14. Let x be t(16). Let n be q(x). Let v = -34 - n. List the prime factors of v.
2, 3
Suppose 46*x - 49*x = -105. Let b(z) = 19*z - 46 - z + x - 5*z. List the prime factors of b(6).
67
Let j(d) = 907*d + 2626. What are the prime factors of j(18)?
2, 23, 103
Let r be ((-405)/108)/(-1*(-2)/(-48)). Let i be ((-5)/(-1))/1*324/r. Let c(u) = 7*u - 3. List the prime factors of c(i).
3, 41
Suppose -7*a + 8 = -9*a, 2*k - 3860 = -3*a. Let r = k + -1305. List the prime factors of r.
631
Suppose 0 = 2*b - 2, 5*t + 5*b - 311 = 144. Let x = t + -85. Suppose -4*q - 3*m + 46 = 0, 3 = 4*m - x. What are the prime factors of q?
2, 5
Suppose -4*t - 2*q + 28324 = 0, -64*t + 63*t - 2*q = -7087. List the prime factors of t.
7079
Suppose -154*m + 156*m = -2050. Let h = -493 - m. List the prime factors of h.
2, 7, 19
Let t(v) = 2*v**2 - 70*v + 24. Let q be t(44). Let i = q + -319. What are the prime factors of i?
7, 71
Let c(j) = 262*j + 1960. What are the prime factors of c(32)?
2, 3, 431
Let a(m) = 137*m - 30 - 41 + 34. What are the prime factors of a(5)?
2, 3
Suppose 4*j - 20 = 9*j. Let w be -2*(10/j - 2/(-1)). List the prime factors of w/(-5) - 456/(-30).
3, 5
Let l(h) = -31*h + 49. Let i = -923 - -890. What are the prime factors of l(i)?
2, 67
Suppose -u + 184 = -4*i - 0*i, 5*i + 383 = 2*u. Let x = u - 87. List the prime factors of x.
3, 13
Suppose -48*u + 2061 = -9843. Suppose -7*d + 3*d = -692. Let f = u - d. What are the prime factors of f?
3, 5
Suppose -185*f + 4959456 = 577016 - 8214580. List the prime factors of f.
2, 29, 587
Let j be (-6*2/(-8))/(-3)*48. What are the prime factors of ((-526)/(-4))/((-10 - -7)/j)?
2, 263
Let z(j) = j**2 - 64*j - 94. What are the prime factors of z(104)?
2, 19, 107
Let o(l) = 29*l**3 + 26*l**2 + 20*l + 11. List the prime factors of o(9).
2, 11719
Let a(i) = 7*i**3 - i. Let z be a(-1). Let w be (-5)/10*z + 2. Suppose 3*t + k - 508 = 0, 0 = -w*t - 0*t + 2*k + 843. List 